e
Is 2004616669 composite?
True
Is 24174647107 composite?
True
Is 17691947038 composite?
True
Is 1736006477 a prime number?
True
Is 521675587 a prime number?
False
Is 6014123123 prime?
True
Is 4927485655 prime?
False
Is 259544989213 a composite number?
False
Is 1596938647 a prime number?
True
Is 2640025403 prime?
True
Is 95486811113 a prime number?
False
Is 7334444389 a composite number?
False
Is 279747859 a prime number?
False
Is 6197550127 a prime number?
True
Is 14529292907 a prime number?
True
Is 749163473 composite?
False
Is 679010809 a prime number?
False
Is 1054316963 a composite number?
True
Is 1192963859 prime?
True
Is 3686913331 a composite number?
True
Is 100642079 a composite number?
False
Is 6487157431 prime?
True
Is 2308956385 a prime number?
False
Is 11421076657 prime?
False
Is 263311777 composite?
False
Is 61737062183 a prime number?
False
Is 6109081091 composite?
False
Is 635598011 prime?
True
Is 413135027 a composite number?
False
Is 318298697 composite?
True
Is 169469306 prime?
False
Is 228476161 composite?
False
Is 15722328461 prime?
False
Is 53247991591 a prime number?
True
Is 137263109 prime?
False
Is 155835731507 prime?
True
Is 5108338901 composite?
False
Is 1527662819 prime?
True
Is 83855171 a prime number?
False
Is 38136761857 composite?
False
Is 942042547 composite?
True
Is 59577937099 a prime number?
False
Is 9205397107 prime?
True
Is 84209409997 a composite number?
False
Is 1003580663 composite?
False
Is 389021862257 a prime number?
False
Is 88052411255 prime?
False
Is 643751 a prime number?
True
Is 75294922 composite?
True
Is 1439597041 a prime number?
False
Is 70078079105 a prime number?
False
Is 959672473 a prime number?
False
Is 31525381399 a composite number?
True
Is 8887949743 composite?
True
Is 53954195129 prime?
True
Is 23199172817 composite?
True
Is 435827153 a prime number?
False
Is 77624467657 prime?
False
Is 27975709 composite?
False
Is 1322443891 composite?
True
Is 62255638717 a prime number?
True
Is 4344371015 a prime number?
False
Is 180057350257 composite?
False
Is 158256499 composite?
True
Is 15615376559 a composite number?
False
Is 545784527 prime?
True
Is 17556131695 prime?
False
Is 64305229 a prime number?
False
Is 14143311166 a composite number?
True
Is 11797601615 a composite number?
True
Is 947302963 composite?
True
Is 262457497 a composite number?
True
Is 1749017573 a composite number?
True
Is 3615854657 a prime number?
False
Is 5656511467 composite?
True
Is 4475334469 prime?
False
Is 1779884443 prime?
False
Is 14904970277 a prime number?
False
Is 45229167869 a prime number?
False
Is 10176811807 a prime number?
True
Is 491920604173 a composite number?
False
Is 8705117633 a prime number?
False
Is 538445519 a prime number?
False
Is 52797881959 composite?
False
Is 17239509695 composite?
True
Is 220260023 composite?
False
Is 47166982843 composite?
True
Is 29543472709 composite?
False
Is 453358387 prime?
True
Is 89615917 a prime number?
False
Is 1708496969 prime?
True
Is 11775860953 prime?
True
Is 933896869 prime?
True
Is 1227937313 prime?
False
Is 3655967533 composite?
False
Is 7522450283 prime?
True
Is 7618184149 prime?
True
Is 66805429837 a prime number?
False
Is 6772275509 a composite number?
False
Is 2692443161 prime?
False
Is 44916187963 a composite number?
False
Is 1502937971 prime?
True
Is 5385499589 a prime number?
True
Is 29350108171 composite?
False
Is 27069927113 composite?
True
Is 22596636239 composite?
False
Is 1764372677 prime?
True
Is 6839672761 composite?
False
Is 54069058313 a prime number?
False
Is 11168433389 a composite number?
True
Is 14290462321 composite?
True
Is 80973286441 a composite number?
False
Is 422805671 a composite number?
False
Is 549971267 a composite number?
True
Is 65427413529 composite?
True
Is 9596327581 a composite number?
True
Is 5805673733 prime?
True
Is 6064337507 a prime number?
False
Is 2084700161 a composite number?
True
Is 2698492847 prime?
False
Is 17118435137 a composite number?
False
Is 12144376753 prime?
True
Is 31945535729 composite?
False
Is 14830449457 a composite number?
False
Is 18939452251 a composite number?
False
Is 11391056921 a prime number?
True
Is 29973520567 composite?
False
Is 506550389 a prime number?
True
Is 2997631141 a prime number?
True
Is 4708665305 a prime number?
False
Is 18032038273 a prime number?
True
Is 10362153857 prime?
False
Is 9306776159 composite?
False
Is 196303959743 prime?
False
Is 11530017641 prime?
False
Is 2605147781 a composite number?
False
Is 670965079 prime?
False
Is 1150591163 a composite number?
False
Is 36340714153 composite?
True
Is 1990011433 composite?
False
Is 98336753443 composite?
False
Is 3133791379 a prime number?
True
Is 34093307063 prime?
True
Is 3496651193 a prime number?
False
Is 33006457555 composite?
True
Is 4619297549 a prime number?
True
Is 10372544639 a composite number?
False
Is 480935551 a prime number?
True
Is 485261141 a composite number?
True
Is 3887217653 a prime number?
False
Is 4394238439 composite?
False
Is 46399855169 a prime number?
True
Is 138246473 a composite number?
False
Is 30407255 a composite number?
True
Is 132500021 composite?
False
Is 23580061337 prime?
False
Is 1837267697 a prime number?
False
Is 310467727 composite?
True
Is 164083579 a prime number?
False
Is 28395279517 composite?
True
Is 30646580197 composite?
True
Is 69845970697 composite?
False
Is 16139618823 a prime number?
False
Is 12304380973 a composite number?
True
Is 4320200417 a composite number?
True
Is 93059329039 a composite number?
True
Is 23853053843 a prime number?
False
Is 25440898127 a prime number?
True
Is 101056443589 a composite number?
True
Is 103681069 composite?
True
Is 24269167841 a composite number?
False
Is 191656123 composite?
False
Is 39772933391 composite?
False
Is 5320639963 a prime number?
False
Is 4855470527 composite?
True
Is 17393162203 a composite number?
False
Is 7634512771 prime?
False
Is 6082387897 a prime number?
False
Is 17140436143 composite?
True
Is 8759430143 prime?
True
Is 18542463317 a prime number?
False
Is 4737645047 a prime number?
False
Is 42032020033 composite?
False
Is 5755385159 composite?
True
Is 754608089 a prime number?
False
Is 178228956287 composite?
True
Is 1627662871 prime?
True
Is 3306096751 a composite number?
True
Is 4824764641 prime?
True
Is 64447568197 a composite number?
False
Is 103572587 composite?
False
Is 11809821391 a composite number?
True
Is 138840175203 a prime number?
False
Is 1812253769 a prime number?
False
Is 271706401 composite?
True
Is 5370087 a prime number?
False
Is 459854543953 prime?
False
Is 11656579307 a prime number?
True
Is 3874901159 prime?
False
Is 6894165842 prime?
False
Is 12492104003 prime?
False
Is 12180295514 prime?
False
Is 96277651 a composite number?
True
Is 56285519 a composite number?
True
Is 2031108593 a composite number?
False
Is 1121898553 prime?
False
Is 22356407803 prime?
True
Is 6101012639 composite?
False
Is 912023107 a prime number?
True
Is 26855013947 composite?
False
Is 9099887221 composite?
False
Is 584711357 a prime number?
True
Is 406096777 composite?
False
Is 5998552121 a composite number?
False
Is 27944755049 a prime number?
True
Is 1003996135 a composite number?
True
Is 4909142083 prime?
True
Is 39580981235 composite?
True
Is 109363589 a prime number?
True
Is 13548749 a composite number?
False
Is 7321019158 composite?
True
Is 2085673033 a composite number?
True
Is 106229441986 composite?
True
Is 14628463921 prime?
True
Is 2569432471 a composite number?
False
Is 8676687685 prime?
False
Is 11295045719 composite?
False
Is 632892661 a prime number?
True
Is 593287523 a composite number?
False
Is 198180109 a composite number?
True
Is 458603347 prime?
True
Is 933381235 a composite number?
True
Is 3296693021 a prime number?
False
Is 966090277 a composite number?
False
Is 515421310735 a prime number?
False
Is 4136238949 composite?
False
Is 1956802061 composite?
False
Is 1881158623 a composite number?
True
Is 19688594951 a composite number?
False
Is 1674629 prime?
False
Is 301092881 prime?
True
Is 71631613 prime?
True
Is 1075856371 composite?
True
Is 683203889 a composite number?
True
Is 1869149669 a prime number?
True
Is 629492693 a prime number?
False
Is 1780707661 a composite number?
False
Is 436205356